2, 3, 11, 13, 59
Suppose 0 = 4*x - 4*o - 62648, -x - 985*o + 980*o = -15656. What are the prime factors of x?
15661
Let z(b) = b**3 - 18*b**2 - 16*b + 87. List the prime factors of z(24).
3, 13
Suppose 39*w - 495387 - 45309 = 0. List the prime factors of w.
2, 1733
Suppose y + 54 = 5*d - 293, -2*y = 4*d - 272. Suppose q + 39 = d. List the prime factors of q.
2, 3, 5
Let u = -11749 + 19947. List the prime factors of u.
2, 4099
Let y = -3883 - -21236. What are the prime factors of y?
7, 37, 67
Let f = 0 - 57. Let d = f + 549. What are the prime factors of d?
2, 3, 41
Let f(y) = 3 + 60*y - 66*y + 11 + 7. List the prime factors of f(3).
3
Let i(l) = -299*l + 4940. List the prime factors of i(-23).
3, 13, 101
Let c(p) = -15*p + 243. Let i be c(16). Suppose -i*h - 1403 = -4*a, 1751 = -9*a + 14*a - h. List the prime factors of a.
2, 5, 7
Suppose 70 = -4*c + 5*o + 164, 4*o + 96 = 4*c. Suppose -2*d - 2403 = -5*i, -21*i + c*i - 2406 = -d. What are the prime factors of i?
13, 37
Suppose -139*i + 136*i - 45 = 0. List the prime factors of 3*i*-201*(-8)/(-60).
2, 3, 67
Let t(s) = 6460*s - 137. List the prime factors of t(1).
6323
Let u = 16913 - 8355. What are the prime factors of u?
2, 11, 389
Let s(w) be the first derivative of 10*w**3/3 - 11*w**2/2 + 11*w + 222. List the prime factors of s(-11).
2, 11, 61
Suppose -31*u - 150 = -16*u. What are the prime factors of 36/(-60) + 1/(u/(-4186))?
2, 11, 19
Let j be 15/10*10/(-3). Let t be 13*3 - (-268)/(-67). What are the prime factors of (87/j)/(-5 + 168/t)?
3, 29
Let j = 63 + -59. Suppose -j*w + 1372 = 2*s, 2*s - 1368 = -4*w + s. List the prime factors of w.
11, 31
Let q = -15616 - -18047. What are the prime factors of q?
11, 13, 17
Let j(s) = -s**3 + 13*s**2 + 7*s + 107. Let l be j(14). Let y(p) = 13*p**2 - p - 68. List the prime factors of y(l).
2, 61
Let m = 33 + 8. Let c(n) = -m*n**2 + 39 - 16*n + 0*n + 42*n**2. List the prime factors of c(20).
7, 17
Suppose k + 0 = 4. Suppose k*u - 1987 = 5*w, 8*u - 5*u - 2*w - 1499 = 0. List the prime factors of u.
503
Suppose 5*x + 56301 = 4*z + 6*x, 0 = -2*z + 6*x + 28170. What are the prime factors of z?
2, 3, 17, 23
Let z(s) = s**3 + 6*s**2 - 19*s - 2. Let q be z(-8). What are the prime factors of 671/q + -2*1/(-4)?
31
Let n(k) = -3*k + 78. Let l be n(24). Suppose -2*j + l = -2*b, 3*b - 5*b = -6. What are the prime factors of (1/j)/((-10)/(-5340))?
89
Suppose -25315 = -2*n + 4*l + 21739, -5*n + 117647 = -7*l. What are the prime factors of n?
3, 5, 523
Let o be (140/(-25) - -5)*-5. Let r(x) = 5*x - 11. Let k be r(5). Suppose 286 = o*i - k. What are the prime factors of i?
2, 5
List the prime factors of (-125)/375 + (-29494)/(-3) + (-2)/2.
2, 5, 983
Let r(c) = -364*c - 225. What are the prime factors of r(-17)?
67, 89
What are the prime factors of 2/(-26) + (-264)/(-52) - -28057?
2, 3, 1559
Suppose 0 = 22*f + 9*f - 316914 - 293631. What are the prime factors of f?
3, 5, 13, 101
What are the prime factors of (414/483)/((-2)/14) - -241?
5, 47
Let i(x) = -99*x - 16 - 1 + 5 + 41*x. Let j(u) = -u - 20. Let w be j(-18). What are the prime factors of i(w)?
2, 13
Let l(a) = a**2 - 6*a - 5. Let h be 2/((-16)/(-54)) - (-1)/4. Let b be l(h). List the prime factors of (97 - 8/b) + (-6)/2.
2, 3, 5
Let a = -99 - -36. Let t = 66 + a. Suppose 0 = i + t*h - 7, -i + 4*h - 12 = -3*i. What are the prime factors of i?
2
Let h(u) = -9*u**3 + 4*u**2 - 91*u - 34. What are the prime factors of h(-10)?
2, 7, 367
Let u = -55 - -85. Suppose 0 = 39*b - 38*b - u. What are the prime factors of (b/(-8))/(3/(-16))?
2, 5
Let j be (-11)/(-2) + 9/(-6). Suppose 24 = 4*r + j*r. Let p = r + 55. List the prime factors of p.
2, 29
Let m(z) = 393*z**3 + z**2 - 19*z + 54. List the prime factors of m(3).
3, 3539
Let b be 962 - 3 - 7/7. Let q = -446 + b. What are the prime factors of q?
2
Let f(c) = -c**3 + 10*c**2 - 11*c + 21. Let k be f(9). Suppose k*a = -a + 12. Suppose -4*j + 204 = 3*s, 4*s - 160 = -a*j - 0*s. What are the prime factors of j?
2, 3
Let s(k) = 213*k**2 + 18*k + 12. What are the prime factors of s(-6)?
2, 3, 631
Suppose 170*s - 740609 = 1397738 - 711367. List the prime factors of s.
2, 3, 1399
Let p be (-1348)/(-12)*3 + 5. Suppose 4*d + d = -4*n - p, 4*d = -5*n - 270. Let m = 110 + d. What are the prime factors of m?
2, 5
Let w(r) = 4*r**3 + 2*r**2 + 9. Let y(f) = f**3 - f**2 + 1. Let l(x) = w(x) - 3*y(x). Let m be l(-5). Suppose m*o = 40 + 44. List the prime factors of o.
2, 7
Let v(o) = 3*o**2 + 39*o + 186. List the prime factors of v(-27).
2, 3, 5, 11
Let r = -81624 + 124747. What are the prime factors of r?
29, 1487
Let z be 5/(-5)*-4 - 4. Suppose u + i - 225 - 160 = z, -3*u = i - 1165. Suppose 4*o + u = 9*o. What are the prime factors of o?
2, 3, 13
Suppose -3*n + 1 = -4*n, -3*n = -2*w + 3513. List the prime factors of w.
3, 5, 13
Let a = -318 - -296. What are the prime factors of ((-16)/10)/(a/12705)?
2, 3, 7, 11
Let y(h) = -12*h - 35. Let a be (-6)/15 + (-6)/(-15)*21. Suppose 2*l = -p - 19, -6*l + 4*p - a = -2*l. List the prime factors of y(l).
7
Let g = 54511 + -38020. List the prime factors of g.
3, 23, 239
Suppose -780 = -2*j + 4*w, 0 = -195*w + 198*w - 12. What are the prime factors of j?
2, 199
Suppose -4*w - 7 = -19. Let q be -4 + 0 + w - 11. List the prime factors of 6 + (-76)/q + 2/3.
13
Suppose -2*k - k + 6 = 0, 2*o - 3*k - 2 = 0. Suppose 2*w + 2*l = 4*l, 2*w - 30 = -o*l. Suppose w*m - 4*m = 8. What are the prime factors of m?
2
Suppose -25*k + 29951 + 14624 = 0. Suppose -4*v - 2*l + 159 = -k, l + 5 = 0. List the prime factors of v.
2, 61
Let n(h) = -4*h**2 - 37 + 58*h + 6*h**2 + 12. What are the prime factors of n(-37)?
3, 7
Suppose -10*i - 49745 + 15031 + 329734 = 0. List the prime factors of i.
2, 3, 11, 149
Let k = -20559 - -80470. List the prime factors of k.
181, 331
What are the prime factors of 151848/(-18)*(-242)/44?
2, 3, 11, 19, 37
Suppose s + 5*j + 16 = 0, 2*s - 2*j - 4 = -0. Let o(c) = 471*c**2 - 3*c - 2. Let g be o(s). Suppose 2*t + 2*t - g = 0. What are the prime factors of t?
2, 59
Suppose -q - 2*q = -3195. Suppose -q = 13*y - 16*y. List the prime factors of y.
5, 71
List the prime factors of (8 - (-46)/(-8))/(-4 + (-817432)/(-204352)).
2, 3, 31, 103
Let u be ((-4)/6)/((-126)/(-86373)). Let q = u - -1382. List the prime factors of q.
5, 37
Let c(r) = -107*r + 44. Let m be c(-3). Suppose -11*a + 16*a = m. List the prime factors of a.
73
Let a = 8 - -706. Suppose d = 3*p - a, -5*d + 2*d = 2*p - 476. Suppose 0 = 8*n - p - 114. What are the prime factors of n?
2, 11
Suppose 0 = 220*v - 221*v + 29469. List the prime factors of v.
3, 11, 19, 47
Let f = 31525 + -11007. List the prime factors of f.
2, 10259
Suppose 3*u - 13*b = 29185, 2*u = b + 118 + 19354. List the prime factors of u.
7, 13, 107
Suppose 2*c + 5*j - 31483 = -2447, 0 = 2*c + 2*j - 29018. What are the prime factors of c?
14503
Let a be (-163)/(-4 + 5 + 0). Let m = 190 + a. What are the prime factors of m?
3
Let v(c) = -1794*c - 9672. What are the prime factors of v(-38)?
2, 3, 5, 13
Suppose -13*c - 68*b = -69*b - 575608, 2*b = -4*c + 177124. List the prime factors of c.
2, 13, 131
Suppose 0 = 13*y - 9809 - 34651. Suppose 7*h - y = -11*h. List the prime factors of h.
2, 5, 19
Let f(i) = 7*i**3 - 57*i**2 + 61*i + 39. List the prime factors of f(11).
2, 5, 313
Suppose -10904 = 54*p - 56*p + 4*j, 0 = -4*p - j + 21826. List the prime factors of p.
2, 11, 31
Let q = 16804 + -10019. List the prime factors of q.
5, 23, 59
Let t = -134 - -157. Suppose 5*c - 128 + t = 0. List the prime factors of c.
3, 7
Let z = 9139 + -6939. List the prime factors of z.
2, 5, 11
Let v(p) = 2*p - 19. Let l be v(13). What are the prime factors of (l + -9743)/(-8) + 1*2?
23, 53
Suppose 0 = -10*x - 0*x - 10. Let o(g) = -900*g**3 - 2*g**2 + 2. List the prime factors of o(x).
2, 3, 5
Let f(n) = -n**3 - 7*n**2 + n + 8. Let g be f(-7). Let h(u) be the second derivative of 31*u**5/5 + u**4/6 - u**3/6 + 2*u. What are the prime factors of h(g)?
5
Let q(c) = 17*c**2 - 19*c - 8. Let w be (36/21)/(8/28). List the prime factors of q(w).
2, 5, 7
Let q(o) = 2122*o - 1591. What are the prime factors of q(8)?
5, 17, 181
Let n = 5021 + -2957. What are the prime factors of n?
2, 3, 43
Suppose 4*n = -8017 + 27121. What are the prime factors of n?
2,